{"id":1254,"date":"2018-08-31T16:13:33","date_gmt":"2018-08-31T19:13:33","guid":{"rendered":"https:\/\/ens46-sfe.infd.edu.ar\/sitio\/tecnico-superior-analista-funcional-de-sistemas-informaticos\/"},"modified":"2023-04-18T18:48:47","modified_gmt":"2023-04-18T21:48:47","slug":"tecnico-superior-analista-funcional-de-sistemas-informaticos","status":"publish","type":"page","link":"https:\/\/ens46-sfe.infd.edu.ar\/sitio\/tecnico-superior-analista-funcional-de-sistemas-informaticos\/","title":{"rendered":"T\u00e9cnico Superior Analista Funcional de Sistemas Inform\u00e1ticos"},"content":{"rendered":"\n<div class=\"wp-block-group is-vertical is-layout-flex wp-container-1\">\n<p><span style=\"font-family: arial,helvetica,sans-serif;\"><span style=\"font-size: 10pt;\">\u00a0<\/span><\/span><span style=\"font-family: arial,helvetica,sans-serif;\"><span style=\"font-size: 10pt;\"><strong>Nombre de la carrera:<\/strong> T\u00c9CNICATURA SUPERIOR ANALISTA FUNCIONAL de SISTEMAS INFORM\u00c1TICOS<\/span><\/span><\/p>\n<p><span style=\"font-family: arial,helvetica,sans-serif;\"><span style=\"font-size: 10pt;\"><strong>T\u00edtulo:<\/strong> T\u00e9cnico Superior Analista Funcional de Sistemas Inform\u00e1ticos<\/span><\/span><span style=\"font-family: arial,helvetica,sans-serif;\"><span style=\"font-size: 10pt;\">\u00a0<\/span><\/span><br \/><span style=\"font-family: arial,helvetica,sans-serif;\"><span style=\"font-size: 10pt;\"><strong>Duraci\u00f3n: <\/strong>3\u00a0a\u00f1os\u00a0<\/span><\/span><\/p>\n<p>\u00a0<\/p>\n<\/div>\n","protected":false},"excerpt":{"rendered":"<p>\u00a0Nombre de la carrera: T\u00c9CNICATURA SUPERIOR ANALISTA FUNCIONAL de SISTEMAS INFORM\u00c1TICOS T\u00edtulo: T\u00e9cnico Superior Analista Funcional de Sistemas Inform\u00e1ticos\u00a0Duraci\u00f3n: 3\u00a0a\u00f1os\u00a0 \u00a0<\/p>\n","protected":false},"author":7,"featured_media":0,"parent":0,"menu_order":0,"comment_status":"closed","ping_status":"closed","template":"","meta":[],"acf":[],"_links":{"self":[{"href":"https:\/\/ens46-sfe.infd.edu.ar\/sitio\/wp-json\/wp\/v2\/pages\/1254"}],"collection":[{"href":"https:\/\/ens46-sfe.infd.edu.ar\/sitio\/wp-json\/wp\/v2\/pages"}],"about":[{"href":"https:\/\/ens46-sfe.infd.edu.ar\/sitio\/wp-json\/wp\/v2\/types\/page"}],"author":[{"embeddable":true,"href":"https:\/\/ens46-sfe.infd.edu.ar\/sitio\/wp-json\/wp\/v2\/users\/7"}],"replies":[{"embeddable":true,"href":"https:\/\/ens46-sfe.infd.edu.ar\/sitio\/wp-json\/wp\/v2\/comments?post=1254"}],"version-history":[{"count":5,"href":"https:\/\/ens46-sfe.infd.edu.ar\/sitio\/wp-json\/wp\/v2\/pages\/1254\/revisions"}],"predecessor-version":[{"id":2977,"href":"https:\/\/ens46-sfe.infd.edu.ar\/sitio\/wp-json\/wp\/v2\/pages\/1254\/revisions\/2977"}],"wp:attachment":[{"href":"https:\/\/ens46-sfe.infd.edu.ar\/sitio\/wp-json\/wp\/v2\/media?parent=1254"}],"curies":[{"name":"wp","href":"https:\/\/api.w.org\/{rel}","templated":true}]}}