{"id":1256,"date":"2018-08-31T16:13:34","date_gmt":"2018-08-31T19:13:34","guid":{"rendered":"https:\/\/ens46-sfe.infd.edu.ar\/sitio\/tecnico-superior-en-desarrollador-de-software\/"},"modified":"2018-09-05T09:40:27","modified_gmt":"2018-09-05T12:40:27","slug":"tecnico-superior-en-desarrollo-de-software","status":"publish","type":"page","link":"https:\/\/ens46-sfe.infd.edu.ar\/sitio\/tecnico-superior-en-desarrollo-de-software\/","title":{"rendered":"T\u00e9cnico Superior en Desarrollo de Software"},"content":{"rendered":"<p><span style=\"font-family: arial,helvetica,sans-serif;\"><span style=\"font-size: 10pt;\"><strong>Nombre de la carrera:<\/strong>\u00a0T\u00c9CNICO SUPERIOR en DESARROLLO de SOFTWARE<\/span><\/span><\/p>\n<p><span style=\"font-family: arial,helvetica,sans-serif;\"><span style=\"font-size: 10pt;\"><strong>T\u00edtulo:<\/strong>\u00a0 T\u00e9cnico Superior en Desarrollo de Software<\/span><\/span><\/p>\n<p>&nbsp;<\/p>\n<p><span style=\"font-family: arial,helvetica,sans-serif;\"><span style=\"font-size: 10pt;\"><strong>Duraci\u00f3n: <\/strong>Tres a\u00f1os<\/span><\/span><\/p>\n<p>&nbsp;<\/p>\n","protected":false},"excerpt":{"rendered":"<p>Nombre de la carrera:\u00a0T\u00c9CNICO SUPERIOR en DESARROLLO de SOFTWARE T\u00edtulo:\u00a0 T\u00e9cnico Superior en Desarrollo de Software &nbsp; Duraci\u00f3n: Tres a\u00f1os &nbsp;<\/p>\n","protected":false},"author":7,"featured_media":0,"parent":0,"menu_order":0,"comment_status":"closed","ping_status":"closed","template":"","meta":[],"acf":[],"_links":{"self":[{"href":"https:\/\/ens46-sfe.infd.edu.ar\/sitio\/wp-json\/wp\/v2\/pages\/1256"}],"collection":[{"href":"https:\/\/ens46-sfe.infd.edu.ar\/sitio\/wp-json\/wp\/v2\/pages"}],"about":[{"href":"https:\/\/ens46-sfe.infd.edu.ar\/sitio\/wp-json\/wp\/v2\/types\/page"}],"author":[{"embeddable":true,"href":"https:\/\/ens46-sfe.infd.edu.ar\/sitio\/wp-json\/wp\/v2\/users\/7"}],"replies":[{"embeddable":true,"href":"https:\/\/ens46-sfe.infd.edu.ar\/sitio\/wp-json\/wp\/v2\/comments?post=1256"}],"version-history":[{"count":1,"href":"https:\/\/ens46-sfe.infd.edu.ar\/sitio\/wp-json\/wp\/v2\/pages\/1256\/revisions"}],"predecessor-version":[{"id":1452,"href":"https:\/\/ens46-sfe.infd.edu.ar\/sitio\/wp-json\/wp\/v2\/pages\/1256\/revisions\/1452"}],"wp:attachment":[{"href":"https:\/\/ens46-sfe.infd.edu.ar\/sitio\/wp-json\/wp\/v2\/media?parent=1256"}],"curies":[{"name":"wp","href":"https:\/\/api.w.org\/{rel}","templated":true}]}}