{"id":1278,"date":"2018-08-31T16:13:40","date_gmt":"2018-08-31T19:13:40","guid":{"rendered":"https:\/\/ens46-sfe.infd.edu.ar\/sitio\/peset-plan-de-estudios\/"},"modified":"2021-05-11T12:19:42","modified_gmt":"2021-05-11T15:19:42","slug":"peset-plan-de-estudios","status":"publish","type":"page","link":"https:\/\/ens46-sfe.infd.edu.ar\/sitio\/peset-plan-de-estudios\/","title":{"rendered":"(PESET) Plan de Estudios"},"content":{"rendered":"<p><strong>Estructura Dise\u00f1o Curricular:<\/strong>\u00a0<a href=\"https:\/\/ens46-sfe.infd.edu.ar\/sitio\/wp-content\/uploads\/2018\/10\/Res_2719-14_Anexo_DISE%C3%91O_CURRICULAR_PROFESORADO_DE__EDUCACI%C3%93N_TECNOL%C3%93GICA.pdf\">Resoluci\u00f3n N\u00ba 2719\/14<\/a><\/p>\n<p><strong>R\u00e9gimen de\u00a0Correlatividades:<\/strong> <a href=\"https:\/\/ens46-sfe.infd.edu.ar\/aula\/archivos\/repositorio\/\/500\/584\/Regimen_de_Correlatividades_Prof_Tecnologia.pdf\">Resoluci\u00f3n Ministerial N\u00ba 0125\/16<\/a><\/p>\n<table width=\"682\" cellspacing=\"0\" cellpadding=\"0\" align=\"left\">\n<tbody>\n<tr>\n<td style=\"text-align: center;\" width=\"200\"><strong>\u00a0Espacios Curriculares<\/strong><\/td>\n<td style=\"text-align: center;\" width=\"100\"><strong>Carga Horaria<\/strong><\/td>\n<td style=\"text-align: center;\" colspan=\"2\" width=\"100\"><strong>Anual<\/strong><\/td>\n<td style=\"text-align: center;\" width=\"100\"><strong>Primer Cuatrim<\/strong><\/td>\n<td style=\"text-align: center;\" width=\"100\"><strong>Segundo Cuatrim<\/strong><\/td>\n<\/tr>\n<tr>\n<td style=\"text-align: center;\" colspan=\"6\" valign=\"top\" width=\"100\"><strong>\u00a0PRIMER A\u00d1O<\/strong><\/td>\n<\/tr>\n<tr>\n<td valign=\"top\" width=\"100\">Pedagog\u00eda<\/td>\n<td style=\"text-align: center;\"><strong>3 Hs<\/strong><\/td>\n<td style=\"text-align: center;\" colspan=\"2\"><strong>X<\/strong><\/td>\n<td><strong>\u00a0<\/strong><\/td>\n<td><strong>\u00a0<\/strong><\/td>\n<\/tr>\n<tr>\n<td valign=\"top\" width=\"100\">Movimiento y Cuerpo<\/td>\n<td style=\"text-align: center;\"><strong>3 Hs<\/strong><\/td>\n<td style=\"text-align: center;\" colspan=\"2\"><strong>X<\/strong><\/td>\n<td><strong>\u00a0<\/strong><\/td>\n<td><strong>\u00a0<\/strong><\/td>\n<\/tr>\n<tr>\n<td valign=\"top\" width=\"100\">Introducci\u00f3n a la Tecnolog\u00eda<\/td>\n<td style=\"text-align: center;\"><strong>3 Hs<\/strong><\/td>\n<td style=\"text-align: center;\" colspan=\"2\"><strong>X<\/strong><\/td>\n<td><strong>\u00a0<\/strong><\/td>\n<td><strong>\u00a0<\/strong><\/td>\n<\/tr>\n<tr>\n<td valign=\"top\" width=\"100\">Historia de la Tecnolog\u00eda<\/td>\n<td style=\"text-align: center;\"><strong>3 Hs<\/strong><\/td>\n<td style=\"text-align: center;\" colspan=\"2\"><strong>X<\/strong><\/td>\n<td><strong>\u00a0<\/strong><\/td>\n<td><strong>\u00a0<\/strong><\/td>\n<\/tr>\n<tr>\n<td valign=\"top\" width=\"100\">Dise\u00f1o y Producci\u00f3n Tecnol\u00f3gica<\/td>\n<td style=\"text-align: center;\"><strong>5 Hs<\/strong><\/td>\n<td style=\"text-align: center;\" colspan=\"2\"><strong>X<\/strong><\/td>\n<td><strong>\u00a0<\/strong><\/td>\n<td><strong>\u00a0<\/strong><\/td>\n<\/tr>\n<tr>\n<td valign=\"top\" width=\"100\">Matem\u00e1tica<\/td>\n<td style=\"text-align: center;\"><strong>5 Hs\u00a0<\/strong><\/td>\n<td style=\"text-align: center;\" colspan=\"2\"><strong>X<\/strong><\/td>\n<td style=\"text-align: center;\"><strong>\u00a0<\/strong><\/td>\n<td><strong>\u00a0<\/strong><\/td>\n<\/tr>\n<tr>\n<td valign=\"top\" width=\"100\">F\u00edsica<\/td>\n<td style=\"text-align: center;\"><strong>5Hs<\/strong><\/td>\n<td style=\"text-align: center;\" colspan=\"2\"><strong>X<\/strong><\/td>\n<td style=\"text-align: center;\"><strong>\u00a0<\/strong><\/td>\n<td><strong>\u00a0<\/strong><\/td>\n<\/tr>\n<tr>\n<td valign=\"top\" width=\"100\">Pr\u00e1ctica Docente I: Escenarios Educativos<\/td>\n<td style=\"text-align: center;\"><strong>3Hs<\/strong><\/td>\n<td style=\"text-align: center;\" colspan=\"2\"><strong>\u00a0X<\/strong><\/td>\n<td style=\"text-align: center;\"><\/td>\n<td style=\"text-align: center;\"><\/td>\n<\/tr>\n<tr>\n<td style=\"text-align: center;\" colspan=\"6\" valign=\"top\" width=\"100\"><strong>SEGUNDO A\u00d1O<\/strong><\/td>\n<\/tr>\n<tr>\n<td valign=\"top\" width=\"100\">Psicolog\u00eda y\u00a0Educaci\u00f3n<\/td>\n<td style=\"text-align: center;\"><strong>4 Hs<\/strong><\/td>\n<td style=\"text-align: center;\" colspan=\"2\"><strong>X<\/strong><\/td>\n<td><\/td>\n<td><\/td>\n<\/tr>\n<tr>\n<td valign=\"top\" width=\"100\">Did\u00e1tica y Curriculum<\/td>\n<td style=\"text-align: center;\"><strong>4 Hs<\/strong><\/td>\n<td style=\"text-align: center;\" colspan=\"2\"><strong>X<\/strong><\/td>\n<td><\/td>\n<td><\/td>\n<\/tr>\n<tr>\n<td valign=\"top\" width=\"100\">Instituciones Educativas<\/td>\n<td style=\"text-align: center;\"><strong>3 Hs<\/strong><\/td>\n<td style=\"text-align: center;\" colspan=\"2\"><strong>X<\/strong><\/td>\n<td><\/td>\n<td><\/td>\n<\/tr>\n<tr>\n<td valign=\"top\" width=\"100\">Pr\u00e1ctica Docente II: La Instituci\u00f3n Escolar<\/td>\n<td style=\"text-align: center;\"><strong>4 Hs<\/strong><\/td>\n<td style=\"text-align: center;\" colspan=\"2\"><strong>X<\/strong><\/td>\n<td><\/td>\n<td><\/td>\n<\/tr>\n<tr>\n<td valign=\"top\" width=\"100\">Sujetos de la Educaci\u00f3n I<\/td>\n<td style=\"text-align: center;\"><strong>3 Hs<\/strong><\/td>\n<td style=\"text-align: center;\" colspan=\"2\"><strong>X<\/strong><\/td>\n<td><\/td>\n<td><\/td>\n<\/tr>\n<tr>\n<td valign=\"top\" width=\"100\">TICs para la Ense\u00f1anza<\/td>\n<td style=\"text-align: center;\"><strong>3 Hs<\/strong><\/td>\n<td style=\"text-align: center;\" colspan=\"2\"><strong>X<\/strong><\/td>\n<td><\/td>\n<td><\/td>\n<\/tr>\n<tr>\n<td valign=\"top\" width=\"100\">Procesos Productivos<\/td>\n<td style=\"text-align: center;\"><strong>4 Hs<\/strong><\/td>\n<td style=\"text-align: center;\" colspan=\"2\"><strong>X<\/strong><\/td>\n<td><\/td>\n<td><\/td>\n<\/tr>\n<tr>\n<td valign=\"top\" width=\"100\">Dise\u00f1o y Producci\u00f3n Tecnologica II<\/td>\n<td style=\"text-align: center;\"><strong>5 Hs<\/strong><\/td>\n<td style=\"text-align: center;\" colspan=\"2\"><strong>X<\/strong><\/td>\n<td><\/td>\n<td><\/td>\n<\/tr>\n<tr>\n<td valign=\"top\" width=\"100\">Did\u00e1ctica Especifica I<\/td>\n<td style=\"text-align: center;\"><strong>3 Hs<\/strong><\/td>\n<td style=\"text-align: center;\" colspan=\"2\"><strong>X<\/strong><\/td>\n<td><\/td>\n<td><\/td>\n<\/tr>\n<tr>\n<td style=\"text-align: center;\" colspan=\"6\" valign=\"top\" width=\"100\"><strong>TERCER A\u00d1O<\/strong><\/td>\n<\/tr>\n<tr>\n<td valign=\"top\" width=\"100\">Filosof\u00eda y Educaci\u00f3n<\/td>\n<td style=\"text-align: center;\"><strong>3 HS<\/strong><\/td>\n<td style=\"text-align: center;\" colspan=\"2\"><strong>X<\/strong><\/td>\n<td><\/td>\n<td><\/td>\n<\/tr>\n<tr>\n<td valign=\"top\" width=\"100\">Historia Social \u00a0de la Educaci\u00f3n<\/td>\n<td style=\"text-align: center;\"><strong>3 Hs<\/strong><\/td>\n<td style=\"text-align: center;\" colspan=\"2\"><strong>X<\/strong><\/td>\n<td><\/td>\n<td><\/td>\n<\/tr>\n<tr>\n<td valign=\"top\" width=\"100\">Metodolog\u00eda de la Investigaci\u00f3n<\/td>\n<td style=\"text-align: center;\"><strong>2 Hs<\/strong><\/td>\n<td style=\"text-align: center;\" colspan=\"2\"><strong>X<\/strong><\/td>\n<td><\/td>\n<td><\/td>\n<\/tr>\n<tr>\n<td valign=\"top\" width=\"100\">Pr\u00e1ctica Docente III: La Clase<\/td>\n<td style=\"text-align: center;\"><strong>5 Hs<\/strong><\/td>\n<td style=\"text-align: center;\" colspan=\"2\"><strong>X<\/strong><\/td>\n<td><\/td>\n<td><\/td>\n<\/tr>\n<tr>\n<td valign=\"top\" width=\"100\">Sujetos de la Educaci\u00f3n II<\/td>\n<td style=\"text-align: center;\"><strong>5 Hs<\/strong><\/td>\n<td style=\"text-align: center;\" colspan=\"2\"><strong>X<\/strong><\/td>\n<td><\/td>\n<td><\/td>\n<\/tr>\n<tr>\n<td valign=\"top\" width=\"100\">Materiales<\/td>\n<td style=\"text-align: center;\"><strong>4 Hs<\/strong><\/td>\n<td style=\"text-align: center;\" colspan=\"2\"><strong>X<\/strong><\/td>\n<td><\/td>\n<td><\/td>\n<\/tr>\n<tr>\n<td valign=\"top\" width=\"100\">Qu\u00edmica<\/td>\n<td style=\"text-align: center;\"><strong>4 Hs<\/strong><\/td>\n<td style=\"text-align: center;\" colspan=\"2\"><strong>X<\/strong><\/td>\n<td><\/td>\n<td><\/td>\n<\/tr>\n<tr>\n<td valign=\"top\" width=\"100\">Procesos de Control<\/td>\n<td style=\"text-align: center;\"><strong>3 Hs<\/strong><\/td>\n<td style=\"text-align: center;\" colspan=\"2\"><strong>X<\/strong><\/td>\n<td><\/td>\n<td><\/td>\n<\/tr>\n<tr>\n<td valign=\"top\" width=\"100\">Tecnolog\u00edas Regionales<\/td>\n<td style=\"text-align: center;\"><strong>3 Hs<\/strong><\/td>\n<td style=\"text-align: center;\" colspan=\"2\"><strong>X<\/strong><\/td>\n<td><\/td>\n<td><\/td>\n<\/tr>\n<tr>\n<td valign=\"top\" width=\"100\">Dise\u00f1o y Producci\u00f3n Tecnol\u00f3gica III<\/td>\n<td style=\"text-align: center;\"><strong>5 Hs<\/strong><\/td>\n<td style=\"text-align: center;\" colspan=\"2\"><strong>X<\/strong><\/td>\n<td><\/td>\n<td><\/td>\n<\/tr>\n<tr>\n<td valign=\"top\" width=\"100\">Did\u00e1ctica Espec\u00edfica II<\/td>\n<td style=\"text-align: center;\"><strong>4 Hs<\/strong><\/td>\n<td style=\"text-align: center;\" colspan=\"2\"><strong>X<\/strong><\/td>\n<td><\/td>\n<td><\/td>\n<\/tr>\n<tr>\n<td style=\"text-align: center;\" colspan=\"6\" valign=\"top\" width=\"100\"><strong>CUARTO A\u00d1O<\/strong><\/td>\n<\/tr>\n<tr>\n<td valign=\"top\" width=\"100\">\u00c9tica y Trabajo Docente<\/td>\n<td style=\"text-align: center;\"><strong>3Hs<\/strong><\/td>\n<td style=\"text-align: center;\" colspan=\"2\"><strong>X<\/strong><\/td>\n<td width=\"100\"><strong>\u00a0<\/strong><\/td>\n<td width=\"100\"><strong>\u00a0<\/strong><\/td>\n<\/tr>\n<tr>\n<td valign=\"top\" width=\"100\">E.S.I.<\/td>\n<td style=\"text-align: center;\"><strong>3Hs<\/strong><\/td>\n<td style=\"text-align: center;\" colspan=\"2\"><strong>X<\/strong><\/td>\n<td width=\"100\"><\/td>\n<td width=\"100\"><\/td>\n<\/tr>\n<tr>\n<td valign=\"top\" width=\"100\">U.D.I I<\/td>\n<td style=\"text-align: center;\"><strong>3Hs<\/strong><\/td>\n<td style=\"text-align: center;\" colspan=\"2\"><\/td>\n<td style=\"text-align: center;\" width=\"100\"><strong>X<\/strong><\/td>\n<td width=\"100\"><\/td>\n<\/tr>\n<tr>\n<td valign=\"top\" width=\"100\">U.D.I II<\/td>\n<td style=\"text-align: center;\"><strong>3Hs<\/strong><\/td>\n<td style=\"text-align: center;\" colspan=\"2\"><\/td>\n<td valign=\"center\" width=\"100\">\n<p style=\"text-align: center;\">\n<\/td>\n<td style=\"text-align: center;\" valign=\"center\" width=\"100\"><strong>X<\/strong><\/td>\n<\/tr>\n<tr>\n<td valign=\"top\" width=\"100\">Pr\u00e1cticas de Investigaci\u00f3n<\/td>\n<td style=\"text-align: center;\"><strong>3 Hs<\/strong><\/td>\n<td style=\"text-align: center;\" colspan=\"2\"><strong>X<\/strong><\/td>\n<td valign=\"top\" width=\"100\"><\/td>\n<td style=\"text-align: center;\" valign=\"top\" width=\"100\"><strong>\u00a0<\/strong><\/td>\n<\/tr>\n<tr>\n<td valign=\"top\" width=\"100\">Pr\u00e1ctica Docente IV: Residencia el Rol Docente<\/td>\n<td style=\"text-align: center;\"><strong>6 Hs<\/strong><\/td>\n<td style=\"text-align: center;\" colspan=\"2\"><strong>X<\/strong><\/td>\n<td valign=\"top\" width=\"100\"><strong>\u00a0<\/strong><\/td>\n<td valign=\"top\" width=\"100\"><strong>\u00a0<\/strong><\/td>\n<\/tr>\n<tr>\n<td valign=\"top\" width=\"331\">Biotecnolog\u00eda<\/td>\n<td style=\"text-align: center;\"><strong>3 Hs<\/strong><\/td>\n<td style=\"text-align: center;\" colspan=\"2\"><strong>X<\/strong><\/td>\n<td valign=\"top\" width=\"100\"><\/td>\n<td valign=\"top\" width=\"100\"><\/td>\n<\/tr>\n<tr>\n<td valign=\"top\" width=\"100\">Procesos de Comunicaci\u00f3n<\/td>\n<td style=\"text-align: center;\"><strong>3 Hs<\/strong><\/td>\n<td style=\"text-align: center;\" colspan=\"2\"><strong>X<\/strong><\/td>\n<td valign=\"top\" width=\"100\"><strong>\u00a0<\/strong><\/td>\n<td valign=\"top\" width=\"100\"><strong>\u00a0<\/strong><\/td>\n<\/tr>\n<tr>\n<td valign=\"top\" width=\"100\">Problem\u00e1ticas Sociot\u00e9cnicas<\/td>\n<td style=\"text-align: center;\"><strong>3 Hs<\/strong><\/td>\n<td style=\"text-align: center;\" colspan=\"2\"><strong>X<\/strong><\/td>\n<td valign=\"top\" width=\"100\"><\/td>\n<td valign=\"top\" width=\"100\"><\/td>\n<\/tr>\n<tr>\n<td valign=\"top\" width=\"100\">Dise\u00f1o y Producci\u00f3n Tecnol\u00f3gica IV<\/td>\n<td style=\"text-align: center;\"><strong>3 Hs<\/strong><\/td>\n<td style=\"text-align: center;\" colspan=\"2\"><strong>X<\/strong><\/td>\n<td valign=\"top\" width=\"100\"><\/td>\n<td valign=\"top\" width=\"100\"><\/td>\n<\/tr>\n<tr>\n<td valign=\"top\" width=\"100\">Taller de Producci\u00f3n Did\u00e1ctica<\/td>\n<td style=\"text-align: center;\"><strong>4 Hs<\/strong><\/td>\n<td style=\"text-align: center;\" colspan=\"2\"><strong>X<\/strong><\/td>\n<td valign=\"top\" width=\"100\"><\/td>\n<td valign=\"top\" width=\"100\"><\/td>\n<\/tr>\n<\/tbody>\n<\/table>\n","protected":false},"excerpt":{"rendered":"<p>Estructura Dise\u00f1o Curricular:\u00a0Resoluci\u00f3n N\u00ba 2719\/14 R\u00e9gimen de\u00a0Correlatividades: Resoluci\u00f3n Ministerial N\u00ba 0125\/16 \u00a0Espacios Curriculares Carga Horaria Anual Primer Cuatrim Segundo Cuatrim \u00a0PRIMER A\u00d1O Pedagog\u00eda 3 Hs X \u00a0 \u00a0 Movimiento y Cuerpo 3 Hs X \u00a0 \u00a0 Introducci\u00f3n a la Tecnolog\u00eda 3 Hs X \u00a0 \u00a0 Historia de la Tecnolog\u00eda 3 Hs X \u00a0 \u00a0 Dise\u00f1o &#8230; <a title=\"(PESET) Plan de Estudios\" class=\"read-more\" href=\"https:\/\/ens46-sfe.infd.edu.ar\/sitio\/peset-plan-de-estudios\/\" aria-label=\"More on (PESET) Plan de Estudios\">[+]<\/a><\/p>\n","protected":false},"author":7,"featured_media":0,"parent":0,"menu_order":0,"comment_status":"closed","ping_status":"closed","template":"","meta":[],"acf":[],"_links":{"self":[{"href":"https:\/\/ens46-sfe.infd.edu.ar\/sitio\/wp-json\/wp\/v2\/pages\/1278"}],"collection":[{"href":"https:\/\/ens46-sfe.infd.edu.ar\/sitio\/wp-json\/wp\/v2\/pages"}],"about":[{"href":"https:\/\/ens46-sfe.infd.edu.ar\/sitio\/wp-json\/wp\/v2\/types\/page"}],"author":[{"embeddable":true,"href":"https:\/\/ens46-sfe.infd.edu.ar\/sitio\/wp-json\/wp\/v2\/users\/7"}],"replies":[{"embeddable":true,"href":"https:\/\/ens46-sfe.infd.edu.ar\/sitio\/wp-json\/wp\/v2\/comments?post=1278"}],"version-history":[{"count":42,"href":"https:\/\/ens46-sfe.infd.edu.ar\/sitio\/wp-json\/wp\/v2\/pages\/1278\/revisions"}],"predecessor-version":[{"id":2759,"href":"https:\/\/ens46-sfe.infd.edu.ar\/sitio\/wp-json\/wp\/v2\/pages\/1278\/revisions\/2759"}],"wp:attachment":[{"href":"https:\/\/ens46-sfe.infd.edu.ar\/sitio\/wp-json\/wp\/v2\/media?parent=1278"}],"curies":[{"name":"wp","href":"https:\/\/api.w.org\/{rel}","templated":true}]}}