{"id":1284,"date":"2018-08-31T16:13:42","date_gmt":"2018-08-31T19:13:42","guid":{"rendered":"https:\/\/ens46-sfe.infd.edu.ar\/sitio\/tsgo-tsae-plan-de-estudios\/"},"modified":"2023-03-11T21:34:59","modified_gmt":"2023-03-12T00:34:59","slug":"tsgo-tsae-plan-de-estudios","status":"publish","type":"page","link":"https:\/\/ens46-sfe.infd.edu.ar\/sitio\/tsgo-tsae-plan-de-estudios\/","title":{"rendered":"(TSGO) Plan de Estudios"},"content":{"rendered":"<p><strong>Estructura Dise\u00f1o Curricular:\u00a0<a title=\"https:\/\/ens46-sfe.infd.edu.ar\/aula\/archivos\/repositorio\/\/750\/780\/Res_378-16_TSGESTION_DE_LAS_ORG.pdf\" href=\"https:\/\/ens46-sfe.infd.edu.ar\/aula\/archivos\/repositorio\/\/750\/780\/Res_378-16_TSGESTION_DE_LAS_ORG.pdf\" target=\"_NEW\" rel=\"noopener\">Resoluci\u00f3n N\u00b0 378\/16<\/a><\/strong><\/p>\n<p><a href=\"https:\/\/ens46-sfe.infd.edu.ar\/sitio\/wp-content\/uploads\/2018\/11\/correlatividades-TSGO.png\"><strong>R\u00e9gimen de Correlatividades<\/strong><\/a><\/p>\n<table border=\"1\">\n<tbody>\n<tr>\n<td style=\"text-align: center;\" width=\"276\"><strong>Espacios Curriculares<\/strong><\/td>\n<td style=\"text-align: center;\" width=\"76\"><strong><em>Carga Horaria<\/em><\/strong><\/td>\n<td style=\"text-align: center;\" width=\"63\"><strong><em>Anual<\/em><\/strong><\/td>\n<td style=\"text-align: center;\" width=\"79\"><strong><em>Primer Cuatrim<\/em><\/strong><\/td>\n<td style=\"text-align: center;\" width=\"85\"><strong><em>Segundo Cuatrim<\/em><\/strong><\/td>\n<\/tr>\n<tr>\n<td style=\"text-align: center;\" colspan=\"5\" width=\"579\"><strong>PRIMER A\u00d1O<\/strong><\/td>\n<\/tr>\n<tr>\n<td width=\"276\">Comunicaci\u00f3n<\/td>\n<td style=\"text-align: center;\" width=\"76\"><strong>3 Hs<\/strong><\/td>\n<td width=\"63\"><\/td>\n<td style=\"text-align: center;\" width=\"79\"><strong>X<\/strong><\/td>\n<td width=\"85\"><\/td>\n<\/tr>\n<tr>\n<td width=\"276\">UDI I<\/td>\n<td style=\"text-align: center;\" width=\"76\"><strong>3 Hs<\/strong><\/td>\n<td style=\"text-align: center;\" width=\"63\"><\/td>\n<td width=\"79\"><\/td>\n<td style=\"text-align: center;\" width=\"85\"><strong>X<\/strong><\/td>\n<\/tr>\n<tr>\n<td width=\"276\">Econom\u00eda<\/td>\n<td style=\"text-align: center;\" width=\"76\"><strong>3 Hs<\/strong><\/td>\n<td style=\"text-align: center;\" width=\"63\"><strong>X<\/strong><\/td>\n<td width=\"79\"><\/td>\n<td width=\"85\"><\/td>\n<\/tr>\n<tr>\n<td width=\"276\">Matem\u00e1tica y Estad\u00edstica<\/td>\n<td style=\"text-align: center;\" width=\"76\"><strong>4 Hs<\/strong><\/td>\n<td style=\"text-align: center;\" width=\"63\"><strong>X<\/strong><\/td>\n<td width=\"79\"><\/td>\n<td width=\"85\"><\/td>\n<\/tr>\n<tr>\n<td width=\"276\">Contabilidad<\/td>\n<td style=\"text-align: center;\" width=\"76\"><strong>4 Hs<\/strong><\/td>\n<td style=\"text-align: center;\" width=\"63\"><strong>X<\/strong><\/td>\n<td width=\"79\"><\/td>\n<td width=\"85\"><\/td>\n<\/tr>\n<tr>\n<td width=\"276\">Inform\u00e1tica<\/td>\n<td style=\"text-align: center;\" width=\"76\"><strong>3 Hs<\/strong><\/td>\n<td style=\"text-align: center;\" width=\"63\"><strong>X<\/strong><\/td>\n<td width=\"79\"><\/td>\n<td width=\"85\"><\/td>\n<\/tr>\n<tr>\n<td width=\"276\">Administraci\u00f3n I<\/td>\n<td style=\"text-align: center;\" width=\"76\"><strong>3 Hs<\/strong><\/td>\n<td style=\"text-align: center;\" width=\"63\"><strong>X<\/strong><\/td>\n<td width=\"79\"><\/td>\n<td width=\"85\"><\/td>\n<\/tr>\n<tr>\n<td width=\"276\">Gesti\u00f3n de la Producci\u00f3n<\/td>\n<td style=\"text-align: center;\" width=\"76\"><strong>5 Hs<\/strong><\/td>\n<td style=\"text-align: center;\" width=\"63\"><strong>X<\/strong><\/td>\n<td width=\"79\"><\/td>\n<td width=\"85\"><\/td>\n<\/tr>\n<tr>\n<td width=\"276\">Gesti\u00f3n Capital Humano<\/td>\n<td style=\"text-align: center;\" width=\"76\"><strong>4 Hs<\/strong><\/td>\n<td style=\"text-align: center;\" width=\"63\"><strong>X<\/strong><\/td>\n<td width=\"79\"><\/td>\n<td width=\"85\"><\/td>\n<\/tr>\n<tr>\n<td style=\"text-align: center;\" colspan=\"5\" width=\"579\"><strong>SEGUNDO A\u00d1O<\/strong><\/td>\n<\/tr>\n<tr>\n<td width=\"276\">Problem\u00e1tica Socio Contempor\u00e1neas<\/td>\n<td style=\"text-align: center;\" width=\"76\"><strong>3 Hs<\/strong><\/td>\n<td width=\"63\"><\/td>\n<td style=\"text-align: center;\" width=\"79\"><strong>X<\/strong><\/td>\n<td width=\"85\"><\/td>\n<\/tr>\n<tr>\n<td width=\"276\">UDI II<\/td>\n<td style=\"text-align: center;\" width=\"76\"><strong>3 Hs<\/strong><\/td>\n<td width=\"63\"><\/td>\n<td width=\"79\"><\/td>\n<td style=\"text-align: center;\" width=\"85\"><strong>X<\/strong><\/td>\n<\/tr>\n<tr>\n<td width=\"276\">Innovaci\u00f3n y Desarrollo Emprendedor<\/td>\n<td style=\"text-align: center;\" width=\"76\"><strong>3 Hs<\/strong><\/td>\n<td style=\"text-align: center;\" width=\"63\"><strong>X<\/strong><\/td>\n<td width=\"79\"><\/td>\n<td width=\"85\"><\/td>\n<\/tr>\n<tr>\n<td width=\"276\">Ingl\u00e9s T\u00e9cnico<\/td>\n<td style=\"text-align: center;\" width=\"76\"><strong>3 Hs<\/strong><\/td>\n<td style=\"text-align: center;\" width=\"63\"><strong>X<\/strong><\/td>\n<td width=\"79\"><\/td>\n<td width=\"85\"><\/td>\n<\/tr>\n<tr>\n<td width=\"276\">Legislaci\u00f3n Comercial y Tributaria<\/td>\n<td style=\"text-align: center;\" width=\"76\"><strong>3 Hs<\/strong><\/td>\n<td style=\"text-align: center;\" width=\"63\"><strong>X<\/strong><\/td>\n<td width=\"79\"><\/td>\n<td width=\"85\"><\/td>\n<\/tr>\n<tr>\n<td width=\"276\">Gesti\u00f3n de Comerc. E Invest. Comercial<\/td>\n<td style=\"text-align: center;\" width=\"76\"><strong>5 Hs<\/strong><\/td>\n<td style=\"text-align: center;\" width=\"63\"><strong>X<\/strong><\/td>\n<td width=\"79\"><\/td>\n<td width=\"85\"><\/td>\n<\/tr>\n<tr>\n<td width=\"276\">Gesti\u00f3n de Costos<\/td>\n<td style=\"text-align: center;\" width=\"76\"><strong>3 Hs<\/strong><\/td>\n<td style=\"text-align: center;\" width=\"63\"><strong>X<\/strong><\/td>\n<td width=\"79\"><\/td>\n<td width=\"85\"><\/td>\n<\/tr>\n<tr>\n<td width=\"276\">Gesti\u00f3n Contable<\/td>\n<td style=\"text-align: center;\" width=\"76\"><strong>3 Hs<\/strong><\/td>\n<td style=\"text-align: center;\" width=\"63\"><strong>X<\/strong><\/td>\n<td width=\"79\"><\/td>\n<td width=\"85\"><\/td>\n<\/tr>\n<tr>\n<td width=\"276\">Pr\u00e1ctica Profesionalizante I<\/td>\n<td style=\"text-align: center;\" width=\"76\"><strong>6 Hs<\/strong><\/td>\n<td style=\"text-align: center;\" width=\"63\"><strong>X<\/strong><\/td>\n<td width=\"79\"><\/td>\n<td width=\"85\"><\/td>\n<\/tr>\n<tr>\n<td style=\"text-align: center;\" colspan=\"5\" width=\"579\"><strong>TERCER A\u00d1O<\/strong><\/td>\n<\/tr>\n<tr>\n<td width=\"276\">Gesti\u00f3n de Seguridad, Salud Ocupacional y Medio Ambiente<\/td>\n<td style=\"text-align: center;\" width=\"76\"><strong>3 Hs<\/strong><\/td>\n<td style=\"text-align: center;\" width=\"63\"><strong>X<\/strong><\/td>\n<td width=\"79\"><\/td>\n<td width=\"85\"><\/td>\n<\/tr>\n<tr>\n<td width=\"276\">\u00c9tica y Responsabilidad Social<\/td>\n<td style=\"text-align: center;\" width=\"76\"><strong>3 Hs<\/strong><\/td>\n<td style=\"text-align: center;\" width=\"63\"><\/td>\n<td style=\"text-align: center;\" width=\"79\"><strong>X<\/strong><\/td>\n<td width=\"85\"><\/td>\n<\/tr>\n<tr>\n<td width=\"276\">Legislaci\u00f3n Laboral<\/td>\n<td style=\"text-align: center;\" width=\"76\"><strong>3 Hs<\/strong><\/td>\n<td style=\"text-align: center;\" width=\"63\"><\/td>\n<td width=\"79\"><\/td>\n<td style=\"text-align: center;\" width=\"85\"><strong>X<\/strong><\/td>\n<\/tr>\n<tr>\n<td width=\"276\">Estrategia Empresarial<\/td>\n<td style=\"text-align: center;\" width=\"76\"><strong>5 Hs<\/strong><\/td>\n<td style=\"text-align: center;\" width=\"63\"><strong>X<\/strong><\/td>\n<td width=\"79\"><\/td>\n<td width=\"85\"><\/td>\n<\/tr>\n<tr>\n<td width=\"276\">Sistema de Informaci\u00f3n para la Gesti\u00f3n de las Organizaciones<\/td>\n<td style=\"text-align: center;\" width=\"76\"><strong>3 Hs<\/strong><\/td>\n<td style=\"text-align: center;\" width=\"63\"><strong>X<\/strong><\/td>\n<td width=\"79\"><\/td>\n<td width=\"85\"><\/td>\n<\/tr>\n<tr>\n<td width=\"276\">Gesti\u00f3n Financiera<\/td>\n<td style=\"text-align: center;\" width=\"76\"><strong>3 Hs<\/strong><\/td>\n<td style=\"text-align: center;\" width=\"63\"><strong>X<\/strong><\/td>\n<td width=\"79\"><\/td>\n<td width=\"85\"><\/td>\n<\/tr>\n<tr>\n<td width=\"276\">Evaluaci\u00f3n y Administraci\u00f3n de Proyectos de Inversi\u00f3n<\/td>\n<td style=\"text-align: center;\" width=\"76\"><strong>5 Hs<\/strong><\/td>\n<td style=\"text-align: center;\" width=\"63\"><strong>X<\/strong><\/td>\n<td width=\"79\"><\/td>\n<td width=\"85\"><\/td>\n<\/tr>\n<tr>\n<td width=\"276\">Control de Gesti\u00f3n<\/td>\n<td style=\"text-align: center;\" width=\"76\"><strong>3 Hs<\/strong><\/td>\n<td style=\"text-align: center;\" width=\"63\"><strong>X<\/strong><\/td>\n<td width=\"79\"><\/td>\n<td width=\"85\"><\/td>\n<\/tr>\n<tr>\n<td width=\"276\">Pr\u00e1ctica Profesionalizante II<\/td>\n<td style=\"text-align: center;\" width=\"76\"><strong>6 Hs<\/strong><\/td>\n<td style=\"text-align: center;\" width=\"63\"><strong>X<\/strong><\/td>\n<td width=\"79\"><\/td>\n<td width=\"85\"><\/td>\n<\/tr>\n<\/tbody>\n<\/table>\n","protected":false},"excerpt":{"rendered":"<p>Estructura Dise\u00f1o Curricular:\u00a0Resoluci\u00f3n N\u00b0 378\/16 R\u00e9gimen de Correlatividades Espacios Curriculares Carga Horaria Anual Primer Cuatrim Segundo Cuatrim PRIMER A\u00d1O Comunicaci\u00f3n 3 Hs X UDI I 3 Hs X Econom\u00eda 3 Hs X Matem\u00e1tica y Estad\u00edstica 4 Hs X Contabilidad 4 Hs X Inform\u00e1tica 3 Hs X Administraci\u00f3n I 3 Hs X Gesti\u00f3n de la Producci\u00f3n &#8230; <a title=\"(TSGO) Plan de Estudios\" class=\"read-more\" href=\"https:\/\/ens46-sfe.infd.edu.ar\/sitio\/tsgo-tsae-plan-de-estudios\/\" aria-label=\"More on (TSGO) Plan de Estudios\">[+]<\/a><\/p>\n","protected":false},"author":7,"featured_media":0,"parent":0,"menu_order":0,"comment_status":"closed","ping_status":"closed","template":"","meta":[],"acf":[],"_links":{"self":[{"href":"https:\/\/ens46-sfe.infd.edu.ar\/sitio\/wp-json\/wp\/v2\/pages\/1284"}],"collection":[{"href":"https:\/\/ens46-sfe.infd.edu.ar\/sitio\/wp-json\/wp\/v2\/pages"}],"about":[{"href":"https:\/\/ens46-sfe.infd.edu.ar\/sitio\/wp-json\/wp\/v2\/types\/page"}],"author":[{"embeddable":true,"href":"https:\/\/ens46-sfe.infd.edu.ar\/sitio\/wp-json\/wp\/v2\/users\/7"}],"replies":[{"embeddable":true,"href":"https:\/\/ens46-sfe.infd.edu.ar\/sitio\/wp-json\/wp\/v2\/comments?post=1284"}],"version-history":[{"count":32,"href":"https:\/\/ens46-sfe.infd.edu.ar\/sitio\/wp-json\/wp\/v2\/pages\/1284\/revisions"}],"predecessor-version":[{"id":2907,"href":"https:\/\/ens46-sfe.infd.edu.ar\/sitio\/wp-json\/wp\/v2\/pages\/1284\/revisions\/2907"}],"wp:attachment":[{"href":"https:\/\/ens46-sfe.infd.edu.ar\/sitio\/wp-json\/wp\/v2\/media?parent=1284"}],"curies":[{"name":"wp","href":"https:\/\/api.w.org\/{rel}","templated":true}]}}