{"id":1321,"date":"2018-08-31T16:13:55","date_gmt":"2018-08-31T19:13:55","guid":{"rendered":"https:\/\/ens46-sfe.infd.edu.ar\/sitio\/tia-competencias-profesionales\/"},"modified":"2020-11-25T16:11:29","modified_gmt":"2020-11-25T19:11:29","slug":"tia-competencias-profesionales","status":"publish","type":"page","link":"https:\/\/ens46-sfe.infd.edu.ar\/sitio\/tia-competencias-profesionales\/","title":{"rendered":"(TSAFSI) Competencias Profesionales"},"content":{"rendered":"<p><span style=\"color: #000000;\">El T\u00e9cnico Superior en An\u00e1lisis Funcional de Sistemas Inform\u00e1ticos estar\u00e1 capacitado para comprender e interpretar fines, negocios o actividades de una organizaci\u00f3n, analizar los procesos que se llevan a cabo, averiguar las necesidades de informaci\u00f3n, proponer mejoras, especificar requisitos de software, redactar manuales y procedimientos, y apoyar la puesta en marcha de sistemas, actuando de nexo entre usuarios de la organizaci\u00f3n y el grupo de proyecto, desarrollando las actividades descriptas en el perfil profesional y cumpliendo con los criterios de realizaci\u00f3n establecidos para las mismas.<\/span><\/p>\n<p><span style=\"color: #000000;\">Para lograr esa capacidad de diagn\u00f3stico y otras espec\u00edficas que emplea para lograr un desempe\u00f1o competente de sus actividades profesionales, el t\u00e9cnico superior tiene adem\u00e1s que lograr ciertas capacidades que resultan transversales a todas sus funciones y tienen que ser desarrolladas y promovidas durante el transcurso de su formaci\u00f3n. Estas son:<\/span><\/p>\n<ul>\n<li><span style=\"color: #000000;\"><span style=\"color: #008080;\">Pensamiento anal\u00edtico y resoluci\u00f3n de problemas<\/span>. Implica identificar efectivamente los problemas que presentan las actividades de las organizaciones, una comprensi\u00f3n tan completa y compleja como sea posible de los mismos y de las necesidades de los involucrados, la evaluaci\u00f3n de la situaci\u00f3n y la formulaci\u00f3n de juicios explicables en t\u00e9rminos sist\u00e9micos, econ\u00f3micos y organizativos sobre las posibles soluciones del problema.<\/span><\/li>\n<li><span style=\"color: #000000;\"><span style=\"color: #008080;\">Abstracci\u00f3n y modelizaci\u00f3n<\/span>. Implica descartar o reducir detalles poco significativos de la informaci\u00f3n sobre un problema a fin de poder conceptualizar sus principales caracter\u00edsticas en un modelo representativo de la situaci\u00f3n, que considere las alternativas significativas y que permita facilitar su comprensi\u00f3n y analizar las consecuencias de posibles alternativas que se consideren para su soluci\u00f3n.<\/span><\/li>\n<li><span style=\"color: #000000;\"><span style=\"color: #008080;\">Interacci\u00f3n y negociaci\u00f3n<\/span>. Implica la habilidad para trabajar, a trav\u00e9s de una combinaci\u00f3n de liderazgo y facilitaci\u00f3n, con una cantidad de interesados e involucrarse como parte de un equipo de proyecto para ayudarlo a identificar y describir estados futuros deseados para el problema o la organizaci\u00f3n y, consecuentemente, asistir a la organizaci\u00f3n para alcanzar acuerdos sobre los mismos y tomar decisiones al respecto.<\/span><\/li>\n<li><span style=\"color: #000000;\"><span style=\"color: #008080;\">Comunicaci\u00f3n<\/span>. Apunta a la necesidad de escuchar y comprender al interlocutor, especialmente en la obtenci\u00f3n y comunicaci\u00f3n de requerimientos con los distintos involucrados en el problema o para alinear las pr\u00e1cticas operativas de la organizaci\u00f3n con el sistema propuesto, incluyendo el objetivo de la comunicaci\u00f3n, el mensaje en s\u00ed y el medio y formato m\u00e1s apropiado para la comunicaci\u00f3n, tomando en cuenta la cultura organizacional. Tambi\u00e9n a dominar los conceptos y el lenguaje t\u00e9cnico para poder intercambiar ideas con los desarrolladores del equipo del proyecto.<\/span><\/li>\n<li><span style=\"color: #000000;\"><span style=\"color: #008080;\">Reconocer las caracter\u00edsticas de los negocios<\/span>. Apunta a la comprensi\u00f3n del ambiente en el cual se realiza el an\u00e1lisis de los negocios, al reconocimiento de los factores clave y procesos propios de las actividades del mismo, al conocimiento de pr\u00e1cticas generales de los negocios y aplicaci\u00f3n general de principios b\u00e1sicos de administraci\u00f3n.<\/span><\/li>\n<\/ul>\n","protected":false},"excerpt":{"rendered":"<p>El T\u00e9cnico Superior en An\u00e1lisis Funcional de Sistemas Inform\u00e1ticos estar\u00e1 capacitado para comprender e interpretar fines, negocios o actividades de una organizaci\u00f3n, analizar los procesos que se llevan a cabo, averiguar las necesidades de informaci\u00f3n, proponer mejoras, especificar requisitos de software, redactar manuales y procedimientos, y apoyar la puesta en marcha de sistemas, actuando de &#8230; <a title=\"(TSAFSI) Competencias Profesionales\" class=\"read-more\" href=\"https:\/\/ens46-sfe.infd.edu.ar\/sitio\/tia-competencias-profesionales\/\" aria-label=\"More on (TSAFSI) Competencias Profesionales\">[+]<\/a><\/p>\n","protected":false},"author":7,"featured_media":0,"parent":0,"menu_order":0,"comment_status":"closed","ping_status":"closed","template":"","meta":[],"acf":[],"_links":{"self":[{"href":"https:\/\/ens46-sfe.infd.edu.ar\/sitio\/wp-json\/wp\/v2\/pages\/1321"}],"collection":[{"href":"https:\/\/ens46-sfe.infd.edu.ar\/sitio\/wp-json\/wp\/v2\/pages"}],"about":[{"href":"https:\/\/ens46-sfe.infd.edu.ar\/sitio\/wp-json\/wp\/v2\/types\/page"}],"author":[{"embeddable":true,"href":"https:\/\/ens46-sfe.infd.edu.ar\/sitio\/wp-json\/wp\/v2\/users\/7"}],"replies":[{"embeddable":true,"href":"https:\/\/ens46-sfe.infd.edu.ar\/sitio\/wp-json\/wp\/v2\/comments?post=1321"}],"version-history":[{"count":4,"href":"https:\/\/ens46-sfe.infd.edu.ar\/sitio\/wp-json\/wp\/v2\/pages\/1321\/revisions"}],"predecessor-version":[{"id":2700,"href":"https:\/\/ens46-sfe.infd.edu.ar\/sitio\/wp-json\/wp\/v2\/pages\/1321\/revisions\/2700"}],"wp:attachment":[{"href":"https:\/\/ens46-sfe.infd.edu.ar\/sitio\/wp-json\/wp\/v2\/media?parent=1321"}],"curies":[{"name":"wp","href":"https:\/\/api.w.org\/{rel}","templated":true}]}}