{"id":1347,"date":"2018-08-31T16:14:03","date_gmt":"2018-08-31T19:14:03","guid":{"rendered":"https:\/\/ens46-sfe.infd.edu.ar\/sitio\/constancias-formularios-inscripcion-carreras-formulario-inscripcion-examenes\/"},"modified":"2026-04-23T18:32:15","modified_gmt":"2026-04-23T21:32:15","slug":"constancias-formularios-inscripcion-carreras-formulario-inscripcion-examenes","status":"publish","type":"page","link":"https:\/\/ens46-sfe.infd.edu.ar\/sitio\/constancias-formularios-inscripcion-carreras-formulario-inscripcion-examenes\/","title":{"rendered":"Solicitud de libreta &#8211; Constancias &#8211; Formularios Inscripci\u00f3n Carreras- Inscripci\u00f3n Ex\u00e1menes"},"content":{"rendered":"<ul>\n<li><a href=\"https:\/\/forms.gle\/vq5xqV83MmSoiEEg7\">Formulario solicitud de libreta<\/a><\/li>\n<li><a title=\"https:\/\/ens46-sfe.infd.edu.ar\/aula\/archivos\/repositorio\/\/750\/759\/Constancia_alumno_regular.pdf\" href=\"https:\/\/ens46-sfe.infd.edu.ar\/aula\/archivos\/repositorio\/\/750\/759\/Constancia_alumno_regular.pdf\" target=\"_NEW\" rel=\"noopener\">CONSTANCIA de Alumno Regular<\/a><\/li>\n<li><a title=\"https:\/\/ens46-sfe.infd.edu.ar\/aula\/archivos\/repositorio\/\/750\/760\/Constancia_asistencia_examen_Parcial_alumnos.pdf\" href=\"https:\/\/ens46-sfe.infd.edu.ar\/aula\/archivos\/repositorio\/\/750\/760\/Constancia_asistencia_examen_Parcial_alumnos.pdf\" target=\"_NEW\" rel=\"noopener\">Constancia de Asistencia a Ex\u00e1men Parcial<\/a><\/li>\n<li><a title=\"https:\/\/ens46-sfe.infd.edu.ar\/aula\/archivos\/repositorio\/\/750\/761\/Constancia_asistencia_examen_Final_alumnos.pdf\" href=\"https:\/\/ens46-sfe.infd.edu.ar\/aula\/archivos\/repositorio\/\/750\/761\/Constancia_asistencia_examen_Final_alumnos.pdf\" target=\"_NEW\" rel=\"noopener\">Constancia de Asistencia a Ex\u00e1men Final<\/a><\/li>\n<li><a title=\"https:\/\/ens46-sfe.infd.edu.ar\/aula\/archivos\/repositorio\/\/750\/762\/Formulario_de_Inscripcion_a_Carreras.pdf\" href=\"https:\/\/ens46-sfe.infd.edu.ar\/aula\/archivos\/repositorio\/\/1000\/1063\/SolicitudInscripcion1ER_AN_O_1.pdf\" target=\"_NEW\" rel=\"noopener\">Ingreso a carreras (PDF)<\/a><\/li>\n<li><a title=\"https:\/\/ens46-sfe.infd.edu.ar\/aula\/archivos\/repositorio\/\/1000\/1066\/Formulario_de_Inscripcion_a_Mesas_de_Examenes.pdf\" href=\"https:\/\/ens46-sfe.infd.edu.ar\/aula\/archivos\/repositorio\/\/1000\/1066\/Formulario_de_Inscripcion_a_Mesas_de_Examenes.pdf\" target=\"_NEW\" rel=\"noopener\">Inscripci\u00f3n a Ex\u00e1menes Finales<\/a><\/li>\n<li><a title=\"https:\/\/ens46-sfe.infd.edu.ar\/aula\/archivos\/repositorio\/\/1000\/1023\/Ficha_inscripcion_alumnos__Espacios_Curriculares.pdf\" href=\"https:\/\/ens46-sfe.infd.edu.ar\/aula\/archivos\/repositorio\/\/1000\/1023\/Ficha_inscripcion_alumnos__Espacios_Curriculares.pdf\" target=\"_NEW\" rel=\"noopener\">Inscripci\u00f3n a Espacios Curriculares<\/a><\/li>\n<li><a title=\"https:\/\/ens46-sfe.infd.edu.ar\/aula\/archivos\/repositorio\/\/1000\/1024\/Ficha_Inscripcion_Alumnos__Mesas_Especiales_Espacios_Curriculares.pdf\" href=\"https:\/\/drive.google.com\/file\/d\/1B2sIhU0YPYFzuLj-5K3aYHU5glqjtAiL\/view?usp=drive_link\" target=\"_NEW\" rel=\"noopener\">Inscripci\u00f3n Mesas Especiales<\/a><\/li>\n<\/ul>\n","protected":false},"excerpt":{"rendered":"<p>Formulario solicitud de libreta CONSTANCIA de Alumno Regular Constancia de Asistencia a Ex\u00e1men Parcial Constancia de Asistencia a Ex\u00e1men Final Ingreso a carreras (PDF) Inscripci\u00f3n a Ex\u00e1menes Finales Inscripci\u00f3n a Espacios Curriculares Inscripci\u00f3n Mesas Especiales<\/p>\n","protected":false},"author":7,"featured_media":0,"parent":0,"menu_order":0,"comment_status":"closed","ping_status":"closed","template":"","meta":[],"acf":[],"_links":{"self":[{"href":"https:\/\/ens46-sfe.infd.edu.ar\/sitio\/wp-json\/wp\/v2\/pages\/1347"}],"collection":[{"href":"https:\/\/ens46-sfe.infd.edu.ar\/sitio\/wp-json\/wp\/v2\/pages"}],"about":[{"href":"https:\/\/ens46-sfe.infd.edu.ar\/sitio\/wp-json\/wp\/v2\/types\/page"}],"author":[{"embeddable":true,"href":"https:\/\/ens46-sfe.infd.edu.ar\/sitio\/wp-json\/wp\/v2\/users\/7"}],"replies":[{"embeddable":true,"href":"https:\/\/ens46-sfe.infd.edu.ar\/sitio\/wp-json\/wp\/v2\/comments?post=1347"}],"version-history":[{"count":5,"href":"https:\/\/ens46-sfe.infd.edu.ar\/sitio\/wp-json\/wp\/v2\/pages\/1347\/revisions"}],"predecessor-version":[{"id":3704,"href":"https:\/\/ens46-sfe.infd.edu.ar\/sitio\/wp-json\/wp\/v2\/pages\/1347\/revisions\/3704"}],"wp:attachment":[{"href":"https:\/\/ens46-sfe.infd.edu.ar\/sitio\/wp-json\/wp\/v2\/media?parent=1347"}],"curies":[{"name":"wp","href":"https:\/\/api.w.org\/{rel}","templated":true}]}}